factor of 5638832?
True
Is 223411 a multiple of 353?
False
Is 18 a factor of 213508?
False
Is 119 a factor of 5562240?
False
Is 1974130 a multiple of 246?
False
Is 365970 a multiple of 15?
True
Does 24 divide 509208?
True
Is 315 a factor of 8177715?
True
Is 162 a factor of 309655?
False
Does 25 divide 23575?
True
Does 61 divide 1050786?
True
Is 2170432 a multiple of 22?
True
Does 238 divide 2978808?
True
Is 12834 a multiple of 46?
True
Is 105646 a multiple of 44?
False
Is 104 a factor of 727804?
False
Is 204104 a multiple of 77?
False
Is 90 a factor of 77130?
True
Does 23 divide 2037880?
False
Is 410 a factor of 17182690?
True
Does 15 divide 5903175?
True
Is 12 a factor of 143968?
False
Does 3 divide 49602?
True
Is 1136978 a multiple of 69?
False
Does 27 divide 2330629?
False
Does 220 divide 140014?
False
Does 736 divide 989184?
True
Is 106 a factor of 124410?
False
Is 17 a factor of 22916?
True
Is 781160 a multiple of 662?
True
Is 8573248 a multiple of 177?
False
Is 744266 a multiple of 6?
False
Is 687506 a multiple of 16?
False
Does 11 divide 1672143?
True
Is 7146081 a multiple of 9?
True
Does 274 divide 1390894?
False
Is 4151510 a multiple of 5?
True
Does 25 divide 74000?
True
Is 243 a factor of 2136136?
False
Is 1797781 even?
False
Is 302 a factor of 3465450?
True
Is 21 a factor of 21127888?
False
Does 33 divide 1278792?
False
Is 6494103 a multiple of 9?
True
Does 63 divide 654255?
True
Does 82 divide 1549827?
False
Is 292380 a multiple of 55?
True
Is 415717 a multiple of 8?
False
Is 4753814 a multiple of 26?
True
Is 84102 a multiple of 10?
False
Is 30 a factor of 125610?
True
Does 111 divide 11433?
True
Does 213 divide 71235?
False
Is 271 a factor of 2096001?
False
Does 40 divide 827502?
False
Does 39 divide 1356147?
True
Does 38 divide 182020?
True
Is 381537 a multiple of 9?
True
Is 355 a factor of 911640?
True
Does 20 divide 2054060?
True
Does 1389 divide 14315800?
False
Is 143 a factor of 182039?
True
Is 103658 a multiple of 16?
False
Does 242 divide 6330338?
False
Is 83 a factor of 109089?
False
Does 18 divide 1404?
True
Is 3998066 a multiple of 514?
False
Is 604500 a multiple of 186?
True
Is 525140 a multiple of 121?
True
Is 2193610 a multiple of 571?
False
Does 32 divide 89477?
False
Is 4321303 a multiple of 133?
True
Is 149164 a multiple of 11?
False
Is 2192753 a multiple of 4?
False
Is 7 a factor of 137253?
False
Is 3100944 a multiple of 12?
True
Is 560341 a multiple of 64?
False
Is 51 a factor of 154938?
True
Is 21152 a multiple of 28?
False
Is 426216 a multiple of 1239?
True
Is 316 a factor of 8903300?
True
Does 21 divide 145866?
True
Is 118 a factor of 1548986?
True
Is 328739 a multiple of 3?
False
Is 412236 a multiple of 132?
True
Is 10898 a multiple of 8?
False
Is 210 a factor of 591360?
True
Is 259953 a multiple of 30?
False
Is 301 a factor of 5426411?
False
Is 35274944 a multiple of 103?
False
Is 635496 a multiple of 12?
True
Is 186945 a multiple of 165?
True
Is 6423552 a multiple of 656?
True
Is 2039387 a multiple of 53?
True
Is 11 a factor of 2622730?
True
Is 12 a factor of 3752088?
True
Is 107 a factor of 493643?
False
Is 127597 a multiple of 116?
False
Does 12 divide 10979472?
True
Is 2675200 a multiple of 440?
True
Is 122 a factor of 57869?
False
Is 31 a factor of 185225?
True
Is 182 a factor of 18928?
True
Does 1394 divide 9320329?
False
Is 946 a factor of 1135200?
True
Is 41 a factor of 9729874?
True
Does 1467 divide 504814?
False
Does 802 divide 244610?
True
Does 3 divide 266103?
True
Is 174 a factor of 3674424?
False
Is 283063 a multiple of 128?
False
Is 72 a factor of 445261?
False
Is 211 a factor of 1839076?
True
Is 15744 a multiple of 38?
False
Is 3152143 a multiple of 313?
False
Does 168 divide 4212568?
False
Does 5 divide 698720?
True
Is 15975063 a multiple of 17?
False
Is 200207 a multiple of 24?
False
Does 46 divide 783487?
False
Is 828 a factor of 613548?
True
Is 13690072 a multiple of 44?
True
Is 7 a factor of 249361?
True
Does 442 divide 14144?
True
Does 7 divide 464316?
False
Does 12 divide 1003850?
False
Is 13 a factor of 1919788?
True
Is 91 a factor of 132405?
True
Is 78709 even?
False
Is 2689783 a multiple of 13?
False
Does 36 divide 1036548?
True
Is 39 a factor of 1214343?
True
Does 18 divide 1152854?
False
Is 15 a factor of 1913385?
True
Is 7504769 a multiple of 20?
False
Is 103996 a multiple of 8?
False
Does 42 divide 710094?
True
Is 16 a factor of 307887?
False
Does 10 divide 8356463?
False
Is 585660 a multiple of 258?
True
Is 36176 a multiple of 16?
True
Is 162243 a multiple of 12?
False
Is 425 a factor of 122731?
False
Does 15 divide 237013?
False
Is 22 a factor of 12597?
False
Does 231 divide 1227765?
True
Does 211 divide 24103?
False
Is 3 a factor of 234663?
True
Does 19 divide 136230?
True
Is 112700 a multiple of 161?
True
Is 22 a factor of 3346946?
False
Is 158500 a multiple of 250?
True
Is 2167321 a multiple of 5?
False
Is 4 a factor of 249414?
False
Does 3 divide 8168?
False
Is 402192 a multiple of 196?
True
Is 270360 a multiple of 11?
False
Does 73 divide 52195?
True
Is 16 a factor of 206096?
True
Does 230 divide 1242460?
True
Is 2843332 a multiple of 244?
True
Is 19552544 a multiple of 22?
True
Does 36 divide 25236?
True
Is 348252 a multiple of 33?
False
Is 107643 a multiple of 53?
True
Is 34 a factor of 1062092?
True
Does 30 divide 724319?
False
Does 6 divide 883570?
False
Is 43056 a multiple of 48?
True
Is 9 a factor of 300486?
False
Does 86 divide 4652084?
True
Is 15 a factor of 2954655?
True
Does 40 divide 120571?
False
Does 7 divide 12476?
False
Is 13 a factor of 313968?
False
Does 327 divide 6485117?
False
Does 5 divide 15238?
False
Does 576 divide 381896?
False
Is 58 a factor of 256170?
False
Is 95635 a multiple of 13?
False
Does 63 divide 200148?
False
Is 93 a factor of 233036?
False
Is 14 a factor of 823566?
False
Is 27 a factor of 2777733?
True
Is 13441540 a multiple of 260?
False
Does 717 divide 3590019?
True
Is 9 a factor of 15660819?
True
Does 141 divide 77973?
True
Is 16109902 a multiple of 546?
False
Is 179 a factor of 4763085?
False
Is 2277979 a multiple of 11?
True
Is 4348837 a multiple of 963?
False
Is 534 a multiple of 3?
True
Is 89 a factor of 953991?
True
Does 1522 divide 8010286?
True
Does 51 divide 2362217?
False
Does 62 divide 769482?
True
Is 127890 a multiple of 294?
True
Is 18 a factor of 12720780?
True
Is 6295128 a multiple of 371?
True
Does 38 divide 112404?
True
Is 2023703 a multiple of 272?
False
Is 159 a factor of 124710?
False
Does 205 divide 6557540?
True
Is 28 a factor of 386918?
False
Does 4 divide 122829?
False
Does 390 divide 840161?
False
Is 16574 a multiple of 16?
False
Is 217 a factor of 131689?
False
Is 41 a factor of 3914129?
False
Does 7 divide 144753?
True
Is 16 a factor of 6205120?
True
Is 792336 a multiple of 8?
True
Is 197 a factor of 112487?
True
Is 13 a factor of 55133?
True
Is 473 a factor of 587939?
True
Is 239930 a multiple of 10?
True
Is 2851238 a multiple of 40?
False
Is 122 a factor of 271674?
False
Is 91 a factor of 610612?
False
Is 20859 a multiple of 12?
False
Is 222 a factor of 118992?
True
Does 73 divide 2926300?
False
Is 165 a multiple of 165?
True
Does 334 divide 375922?
False
Is 86447 a multiple of 2?
False
Does 8 divide 2936968?
True
Is 503 a factor of 3790909?
False
Does 13 divide 363818?
True
Does 12 divide 87012?
True
Is 25 a factor of 70025?
True
Is 184839 a multiple of 76?
False
Is 3477415 a multiple of 207?
False
Is 12407310 a multiple of 90?
True
Is 425625 a multiple of 25?
True
Is 179 a factor of 63545?
True
Is 110 a factor of 989739?
False
Does 1969 divide 12414545?
True
Does 3 divide 151934?
False
Does 39 divide 274287?
True
Does 37 divide 7896372?
False
Does 101 divide 111049?
False
Does 50 divide 30700?
True
Is 21216 a multiple of 6?
True
Is 62 a factor of 489118?
True
Does 16 divide 103887?
False
Does 7 divide 9144093?
True
Does 165 divide 54120?
True
Does 969 divide 2023272?
True
Does 25 divide 961?
False
Is 1718 a factor of 7143444?
True
Is 1476270 a multiple of 47?
True
Does 7 divide 281277?
False
Is 6 a factor of 14105400?
True
Is 7 a factor of 207137?
True
Is 5605309 a multiple of 32?
False
Is 870 a factor of 7580794?
False
Is 193 a factor of 2882214?
False
Is 287432 a multiple of 61?
True
Is 89145 a m